e prime factors of (0 - f)*(25 - 4).
3, 7
Suppose 0 = 5*z - d - 4097, 4*d = -26*z + 29*z - 2448. What are the prime factors of z?
2, 5, 41
Let j be (-5 - -4)/(5/(-15)). Suppose 107 = -w + 3*w - v, 0 = j*w + 4*v - 177. List the prime factors of w.
5, 11
Suppose 0 = 3*c, -8*j + 3*j + 4*c + 2150 = 0. Suppose -4*s + 198 = -j. List the prime factors of s.
157
Let p(j) = -22*j + 4. Suppose 0 = b + 6*b + 14. What are the prime factors of p(b)?
2, 3
Let h(l) = l**3 - 4*l**2 - 8*l - 3. Let v be h(6). Let o = 3 - v. List the prime factors of (-860)/(-24) + (-3)/o.
2, 3
Let m(b) be the second derivative of -b**3/6 + 8*b**2 - 7*b. Let y be m(11). Suppose 2*v + 141 = y*v. What are the prime factors of v?
47
Suppose 67*l - 2178 = 61*l. What are the prime factors of l?
3, 11
Suppose -2*v + 3*v - 2 = 0. Let m(r) = r**2 - r + 1. List the prime factors of m(v).
3
Suppose 0 = -4*i - 0*i. Let w(s) = s**2 + s + 3. Let c be w(i). Suppose 32 = c*j + j. List the prime factors of j.
2
Let x(q) = -q**3 + 4*q**2 + 2*q - 11. Let i be x(4). What are the prime factors of i/(54/(-580)) + (-4)/18?
2
Let o be (-2)/(-2*(-3)/(-6)). Let k be (-146)/(-3 + o + -1). What are the prime factors of 2*(-6)/4 + k?
2, 5, 7
Let q = 588 - -28. List the prime factors of q.
2, 7, 11
Let n = 8 + 7. Suppose 2*f - 2*t = -t + 7, 3*t = 4*f - n. Suppose f*h = -2*h + 95. List the prime factors of h.
19
Let n = -1120 - -1879. What are the prime factors of n?
3, 11, 23
Let a(p) = -8*p**3 + p**2 + p. Suppose -4 = -3*h + 5*d + 2, 0 = -h - 4*d + 2. Suppose -2*l - h*l = 4. What are the prime factors of a(l)?
2
Suppose 2*l + t - 6 = l, -l - 9 = -4*t. Suppose 26 = -2*v - 4*o - 2, 14 = -2*v + l*o. Let c(m) = -m**2 - 12*m + 20. List the prime factors of c(v).
2, 5
What are the prime factors of (-1)/(3/(-186)*1/2)?
2, 31
Suppose 1897 = 11*o - 941. What are the prime factors of o?
2, 3, 43
Let t = -68 + 121. Suppose -12*i + 13*i - t = 0. What are the prime factors of i?
53
Suppose 21*x + 106 - 421 = 0. What are the prime factors of x?
3, 5
Suppose 2*z + 164 = 3*z + 4*n, -3*n + 786 = 5*z. Suppose -z = -3*l + l. List the prime factors of l.
2, 3, 13
Let u = -513 + 513. Suppose -10 = 2*b - 4*g, 5*b + 2*g + 0*g - 35 = 0. Suppose -b*p = 2*w - 192, u*p + 4*w - 42 = -p. What are the prime factors of p?
2, 19
Let d(u) = -u**3 - 19*u**2 - 14*u + 2. Let z(c) = -c**3 - 18*c**2 - 15*c + 1. Let o(m) = -4*d(m) + 5*z(m). What are the prime factors of o(-13)?
3, 5
Let c(m) be the first derivative of -2 - 3/2*m**2 - 30*m. List the prime factors of c(-16).
2, 3
Suppose -s - 5 = -2*s. Let h(x) = -x**2 - 8*x - 4. Let z be h(-7). Suppose 0*q + 79 = s*q + b, 3 = q - z*b. What are the prime factors of q?
3, 5
Let f(l) be the second derivative of -2*l**2 - l - 1/20*l**5 - 5/12*l**4 + 1/2*l**3 + 0. List the prime factors of f(-6).
2, 7
Let j = -14 + 14. Let a be ((j - 1) + 2)*-63. Let q = a - -105. List the prime factors of q.
2, 3, 7
List the prime factors of (-2)/(-5) + (-58436)/(-35) + 6.
2, 419
Let t be (-6)/27 - 52500/(-54). Suppose -3*l = l - t. List the prime factors of l.
3
Let c(w) = -w**2 - w + 105. Let q be c(0). List the prime factors of (-534)/(-21) + 60/q.
2, 13
Let a be 2*(28/8)/(-7). Let l = 13 + a. What are the prime factors of l?
2, 3
Suppose 0 = 2*u - 4*m - 182, 5*u + m = -m + 515. Let s = u + -24. What are the prime factors of s?
7, 11
Let y(s) be the third derivative of s**5/20 + 5*s**3/6 - 14*s**2. List the prime factors of y(-5).
2, 5
Let f = 37 + -42. What are the prime factors of (-13)/(260/192)*f?
2, 3
Let t = -499 - -2012. List the prime factors of t.
17, 89
Suppose -889 = 2*n - 5*a - 2644, 2*n = 2*a + 1770. What are the prime factors of n?
2, 5, 89
Let b = 25 - 30. Let r be (b/4)/(1/(-28)). Suppose 3*o = 143 - r. What are the prime factors of o?
2, 3
Suppose i + 4*p + 65 = 0, 6*p - 11*p + 65 = -2*i. Let z = 225 + i. List the prime factors of z.
2, 3, 5
Let n(h) = -1 + 10 - 19*h**2 + h**3 + 6 + 4*h. List the prime factors of n(19).
7, 13
Let m(k) = k**2 - 3. Let r be m(-3). Let p = r - 3. Suppose 14 = -3*x + 2*z - 7*z, -p*z - 18 = -3*x. What are the prime factors of x?
2
Suppose -2*s = 2*f - 992, -26*f = 5*s - 29*f - 2496. What are the prime factors of s?
2, 3, 83
Suppose -3*n = -q + 1579, 0 = -n - 4*n - q - 2645. Let v = 802 + n. Suppose -4*k - 22 = -v. List the prime factors of k.
3, 7
Let y(v) = 5*v**3 + 4*v**2 - 23*v + 8. List the prime factors of y(5).
2, 3, 103
Let b(l) = 25*l**2 - 49*l - 26. Let n(h) = 5*h**2 - 10*h - 5. Let t(c) = -2*b(c) + 11*n(c). List the prime factors of t(-3).
2, 3, 13
Let h = 7 - -19. Suppose 4*v - 310 + h = 0. What are the prime factors of v?
71
Suppose 3*p = -5*y + 6039, 4*y = 8*y + 12. What are the prime factors of p?
2, 1009
Let w(v) = -v**2 - 9*v - 5. Let n be w(-6). Let x be ((-4)/6*-9)/2. Suppose -2*t + j + 2*j + n = 0, -3*t - x*j - 3 = 0. What are the prime factors of t?
2
Let n be (4 - 3) + 2/2. Suppose -40 = -2*l - n*l. Suppose l = 3*a - 23. What are the prime factors of a?
11
Let w(o) = o**3 - 6*o**2 + 2*o - 8. Let z be w(6). Suppose -z*v - v - 28 = 2*j, 0 = -3*j - 2*v - 31. What are the prime factors of (j/(-6))/(3/94)?
47
Let s be 4/(-24)*-3*0. Let d = 11 - s. Suppose 5*q + 72 = d*q. What are the prime factors of q?
2, 3
Suppose 0 = -q - 2*q + 570. Let x = 325 - q. What are the prime factors of x?
3, 5
Let d(j) = -7*j**2 + 5*j + 4. Let a be d(-1). Let w be (30 + a)*5/(-2). Let g = 130 + w. List the prime factors of g.
3, 5
Let z be ((-6)/(-21))/(6/42). Suppose z*v = 3*v + 5. Let n = 13 + v. List the prime factors of n.
2
Let p(l) = -8*l**3 - l**2 + 2. Let d = 3 + 11. Suppose 0*h + 4*h + 4*c = -16, -2*h = 5*c + d. What are the prime factors of p(h)?
2, 31
Suppose 0*q - 7 = -q. Let t be -2 - 835/(-55) - 2/11. Let a = t - q. What are the prime factors of a?
2, 3
Let j be 8 + (-6)/(-2) - 3. What are the prime factors of 13/(1 - j/10)?
5, 13
Let s(q) = q**2 - 14*q + 17. Let r be s(13). Let l(k) = 6*k**2 + 3*k - 2. List the prime factors of l(r).
2, 53
Let h = -121 + 124. Suppose -3*b = -2*s + 38, -h = 5*s - 4*s + 4*b. What are the prime factors of s?
13
Suppose -2*p = -6*p + 8. Let b = 132 - 132. Suppose b*m - 4*t - 15 = -m, -5*m + 97 = p*t. What are the prime factors of m?
19
Suppose -9*d - 5*b = -4*d - 2385, d - 477 = 3*b. What are the prime factors of d?
3, 53
Let o(f) be the first derivative of -19*f**5/120 - f**3 + 3. Let r(p) be the third derivative of o(p). What are the prime factors of r(-1)?
19
Let g = -156 + 161. Suppose -2*m + 88 = r, -m - 2*m + g*r + 158 = 0. What are the prime factors of m?
2, 23
Suppose -62*g + 277760 = 8*g. List the prime factors of g.
2, 31
Suppose 5*d + 75 = 95. Suppose 3*h - 88 = m, 3*h - 7*h = -d*m - 128. List the prime factors of h.
2, 7
Let p(q) be the first derivative of -q**4/4 - 8*q**3/3 + 9*q - 1. Let d be (2*-2)/4 + -7. What are the prime factors of p(d)?
3
Let a = 12 - 10. Suppose 5*b = 4*o - 190, a*o + 3*b = -3*o + 256. List the prime factors of 14/(-5)*o/(-20).
7
Let q be (-34)/4*-1 - (-24)/(-16). Suppose q*v - 1698 = v. What are the prime factors of v?
283
Let h(f) = 21*f**2 + 25*f + 157. List the prime factors of h(-10).
3, 223
Suppose -q + 18 = -21. Suppose 5*x - 2*x = -2*k + q, 0 = -5*k. Suppose -63 = -3*l - 3*o, -3*o = 2*l - l - x. List the prime factors of l.
5
Let r be -2 + 1 + -63 - -4. Let c be (-8)/r + 172/60. Suppose -3 = -c*q + 42. List the prime factors of q.
3, 5
Let z(u) = 3*u + 671. List the prime factors of z(0).
11, 61
Let r = -110 + 633. List the prime factors of r.
523
Suppose 0 = -k - 6 + 1, 0 = 5*u + 4*k - 125. Suppose -u = 5*m + 11. What are the prime factors of 2*((-204)/m + -4)?
43
Let y(f) = -385*f - 45. List the prime factors of y(-5).
2, 5, 47
Let s = 52 - 47. Suppose 0 = -4*t + 16, -510 - 30 = -5*q + s*t. What are the prime factors of q?
2, 7
Let b(l) = 2*l**2 + 5*l + 6. Let w be b(-2). Suppose -2*h - h + w*k + 223 = 0, 2*h = -2*k + 130. What are the prime factors of h?
3, 23
Let h = -1187 - -2721. List the prime factors of h.
2, 13, 59
Let f(a) = -4*a - 56*a**2 + 219*a**2 + 2*a - 3. List the prime factors of f(-1).
2, 3
Suppose -4 = -4*a + 3*a. Suppose 322 = a*u + 42. What are the prime factors of u?
2, 5, 7
Let k = -291 - -722. What are the prime factors of k?
431
Let z(j) = 2*j + 12. Supp